106549?
5
What is the hundreds digit of 94122430?
4
What is the millions digit of 313787501?
3
What is the millions digit of 4929829744?
9
What is the hundred millions digit of 1643998910?
6
What is the hundreds digit of 294850672?
6
What is the hundred thousands digit of 111254894?
2
What is the billions digit of 2434215699?
2
What is the hundred millions digit of 102827112?
1
What is the ten millions digit of 53605586?
5
What is the ten thousands digit of 31247662?
4
What is the ten millions digit of 674948662?
7
What is the hundreds digit of 53000355?
3
What is the ten thousands digit of 223972899?
7
What is the hundred thousands digit of 578443277?
4
What is the hundreds digit of 139750218?
2
What is the millions digit of 842423498?
2
What is the billions digit of 1155027210?
1
What is the ten thousands digit of 240064790?
6
What is the hundred thousands digit of 88066285?
0
What is the hundred thousands digit of 327308718?
3
What is the ten millions digit of 1295163440?
9
What is the thousands digit of 225472354?
2
What is the ten millions digit of 2144149275?
4
What is the units digit of 2229376656?
6
What is the hundred thousands digit of 1232134229?
1
What is the tens digit of 43790527?
2
What is the hundred millions digit of 877546689?
8
What is the hundred millions digit of 2134576880?
1
What is the millions digit of 11439243?
1
What is the tens digit of 1140217403?
0
What is the hundreds digit of 2831446735?
7
What is the ten millions digit of 5440275573?
4
What is the hundreds digit of 87892037?
0
What is the ten millions digit of 831508428?
3
What is the hundred thousands digit of 226510463?
5
What is the hundred thousands digit of 332875702?
8
What is the tens digit of 7820098?
9
What is the tens digit of 109461548?
4
What is the ten millions digit of 745473452?
4
What is the ten millions digit of 1362128075?
6
What is the units digit of 84471178?
8
What is the hundreds digit of 1133617319?
3
What is the hundred millions digit of 194866184?
1
What is the hundreds digit of 582984682?
6
What is the hundred millions digit of 422512056?
4
What is the thousands digit of 27871107?
1
What is the ten millions digit of 191434825?
9
What is the ten thousands digit of 2879545578?
4
What is the units digit of 682282553?
3
What is the hundreds digit of 1265907785?
7
What is the hundred thousands digit of 616292853?
2
What is the hundred thousands digit of 460665893?
6
What is the hundred thousands digit of 5690164950?
1
What is the millions digit of 71407042?
1
What is the ten thousands digit of 48737861?
3
What is the tens digit of 249494782?
8
What is the millions digit of 1392186680?
2
What is the thousands digit of 21351264?
1
What is the hundred millions digit of 113060222?
1
What is the units digit of 444759922?
2
What is the hundred millions digit of 872057910?
8
What is the hundreds digit of 40405657?
6
What is the hundred thousands digit of 2340670?
3
What is the millions digit of 15784135?
5
What is the hundred millions digit of 3057668490?
0
What is the hundred thousands digit of 41069478?
0
What is the hundred thousands digit of 2029552964?
5
What is the hundreds digit of 8732090838?
8
What is the ten millions digit of 380996492?
8
What is the units digit of 585383010?
0
What is the thousands digit of 109546987?
6
What is the tens digit of 877721645?
4
What is the hundred millions digit of 586707534?
5
What is the millions digit of 230686684?
0
What is the ten millions digit of 917513020?
1
What is the thousands digit of 8521901?
1
What is the tens digit of 16971773?
7
What is the units digit of 54151759?
9
What is the units digit of 26901375?
5
What is the units digit of 818808245?
5
What is the tens digit of 482530069?
6
What is the ten millions digit of 226750123?
2
What is the tens digit of 860971666?
6
What is the hundreds digit of 573533098?
0
What is the hundred thousands digit of 608269971?
2
What is the tens digit of 2002467353?
5
What is the hundred millions digit of 3736507728?
7
What is the hundred millions digit of 511872316?
5
What is the millions digit of 1540469887?
0
What is the tens digit of 148620617?
1
What is the thousands digit of 1391246918?
6
What is the hundreds digit of 115221075?
0
What is the units digit of 47616570?
0
What is the thousands digit of 118207901?
7
What is the millions digit of 346024612?
6
What is the hundred thousands digit of 1199604637?
6
What is the tens digit of 4518544?
4
What is the tens digit of 118849918?
1
What is the units digit of 61077293?
3
What is the ten millions digit of 24344168?
2
What is the units digit of 1093142820?
0
What is the hundred thousands digit of 973208810?
2
What is the units digit of 2358932623?
3
What is the millions digit of 57724179?
7
What is the millions digit of 127422565?
7
What is the ten millions digit of 131783578?
3
What is the units digit of 162476901?
1
What is the hundreds digit of 44075760?
7
What is the hundred thousands digit of 1186824817?
8
What is the hundreds digit of 55911764?
7
What is the millions digit of 162153710?
2
What is the thousands digit of 37120947?
0
What is the hundreds digit of 516449211?
2
What is the ten millions digit of 1103091356?
0
What is the units digit of 523269392?
2
What is the thousands digit of 512359277?
9
What is the thousands digit of 541284816?
4
What is the millions digit of 74947391?
4
What is the units digit of 1371878773?
3
What is the ten thousands digit of 54163847?
6
What is the millions digit of 319961509?
9
What is the tens digit of 2039982640?
4
What is the millions digit of 40129564?
0
What is the billions digit of 2701423518?
2
What is the hundred millions digit of 450437385?
4
What is the billions digit of 1992799231?
1
What is the millions digit of 39582194?
9
What is the hundred thousands digit of 1255258760?
2
What is the tens digit of 88294073?
7
What is the tens digit of 232775128?
2
What is the ten millions digit of 6460514987?
6
What is the millions digit of 290229803?
0
What is the billions digit of 1985597365?
1
What is the millions digit of 37263507?
7
What is the hundreds digit of 336026634?
6
What is the hundred thousands digit of 1588568391?
5
What is the hundreds digit of 1126222727?
7
What is the hundred thousands digit of 44163537?
1
What is the hundreds digit of 112269751?
7
What is the hundreds digit of 1306271472?
4
What is the hundred thousands digit of 597123914?
1
What is the thousands digit of 329455303?
5
What is the hundred thousands digit of 65701535?
7
What is the tens digit of 745252281?
8
What is the tens digit of 338413673?
7
What is the tens digit of 1324932832?
3
What is the ten thousands digit of 1435443683?
4
What is the thousands digit of 819068512?
8
What is the ten thousands digit of 1515247869?
4
What is the ten thousands digit of 9681332?
8
What is the hundreds digit of 11709939?
9
What is the hundreds digit of 1421848636?
6
What is the hundred thousands digit of 18023423?
0
What is the hundreds digit of 2358301685?
6
What is the hundred millions digit of 2923394084?
9
What is the hundreds digit of 28098728?
7
What is the tens digit of 1036015083?
8
What is the units digit of 2506181548?
8
What is the ten thousands digit of 152014189?
1
What is the hundred thousands digit of 76668078?
6
What is the tens digit of 137534805?
0
What is the ten thousands digit of 729589337?
8
What is the hundred thousands digit of 380703604?
7
What is the hundreds digit of 94307736?
7
What is the tens digit of 27288663?
6
What is the tens digit of 51435295?
9
What is the units digit of 571872747?
7
What is the hundred millions digit of 378890263?
3
What is the thousands digit of 584088577?
8
What is the units digit of 147820444?
4
What is the millions digit of 200454242?
0
What is the thousands digit of 33224642?
4
What is the hundred millions digit of 204308804?
2
What is the units digit of 896629871?
1
What is the hundreds digit of 3344828590?
5
What is the tens digit of 89924046?
4
What is the tens digit of 488550548?
4
What is the tens digit of 8012608?
0
What is the hundreds digit of 555628613?
6
What is the ten thousands digit of 27667033?
6
What is the hundreds digit of 79547828?
8
What is the tens digit of 16495019?
1
What is the units digit of 2409305665?
5
